{"id":128,"date":"2018-06-06T18:09:06","date_gmt":"2018-06-06T16:09:06","guid":{"rendered":"http:\/\/marredecafe.ch\/?page_id=128"},"modified":"2023-11-28T15:49:45","modified_gmt":"2023-11-28T14:49:45","slug":"forme-juridique","status":"publish","type":"page","link":"https:\/\/marredecafe.ch\/index.php\/forme-juridique\/","title":{"rendered":"Forme juridique"},"content":{"rendered":"<p lang=\"fr-CH\"><span style=\"color: #3dad3d;\"><strong>Forme juridique de la structure :<\/strong><\/span><\/p>\n<p lang=\"fr-CH\"><span style=\"font-family: Helvetica, sans-serif;\">Le groupe des jeunes participant au programme forme une association au sens des art. 60 et ss du code des obligations (CO). (voire <a href=\"http:\/\/marredecafe.ch\/index.php\/statuts\/\">statuts<\/a>)<\/span><\/p>\n<p lang=\"fr-CH\"><span style=\"font-family: Helvetica, sans-serif;\">Le pilotage du groupe est assur\u00e9 par les participants au programme, qui \u00e9laborent les r\u00e8gles du groupe et attribuent un r\u00f4le \u00e0 chacun de ses membres. Une des fonctions de l\u2019accompagnant est d&#8217;aider le groupe \u00e0 se structurer et \u00e0 conserver ou faire \u00e9voluer sa structure dans le respect des r\u00e8gles \u00e9tablies ou renouvel\u00e9es par le groupe, l&#8217;auto-gestion de ce groupe par les jeunes constituant un des piliers essentiels du programme Marre de Caf\u00e9.<\/span><\/p>\n","protected":false},"excerpt":{"rendered":"<p>Forme juridique de la structure : Le groupe des jeunes participant au programme forme une association au sens des art. 60 et ss du code des obligations (CO). (voire statuts) Le pilotage du groupe est assur\u00e9 par les participants au programme, qui \u00e9laborent les r\u00e8gles du groupe et attribuent un r\u00f4le \u00e0 chacun de ses &hellip; <\/p>\n<p class=\"link-more\"><a href=\"https:\/\/marredecafe.ch\/index.php\/forme-juridique\/\" class=\"more-link\">Continue reading<span class=\"screen-reader-text\"> &#8220;Forme juridique&#8221;<\/span><\/a><\/p>\n","protected":false},"author":1,"featured_media":0,"parent":0,"menu_order":0,"comment_status":"closed","ping_status":"closed","template":"","meta":{"footnotes":""},"class_list":["post-128","page","type-page","status-publish","hentry"],"_links":{"self":[{"href":"https:\/\/marredecafe.ch\/index.php\/wp-json\/wp\/v2\/pages\/128","targetHints":{"allow":["GET"]}}],"collection":[{"href":"https:\/\/marredecafe.ch\/index.php\/wp-json\/wp\/v2\/pages"}],"about":[{"href":"https:\/\/marredecafe.ch\/index.php\/wp-json\/wp\/v2\/types\/page"}],"author":[{"embeddable":true,"href":"https:\/\/marredecafe.ch\/index.php\/wp-json\/wp\/v2\/users\/1"}],"replies":[{"embeddable":true,"href":"https:\/\/marredecafe.ch\/index.php\/wp-json\/wp\/v2\/comments?post=128"}],"version-history":[{"count":5,"href":"https:\/\/marredecafe.ch\/index.php\/wp-json\/wp\/v2\/pages\/128\/revisions"}],"predecessor-version":[{"id":549,"href":"https:\/\/marredecafe.ch\/index.php\/wp-json\/wp\/v2\/pages\/128\/revisions\/549"}],"wp:attachment":[{"href":"https:\/\/marredecafe.ch\/index.php\/wp-json\/wp\/v2\/media?parent=128"}],"curies":[{"name":"wp","href":"https:\/\/api.w.org\/{rel}","templated":true}]}}

<p lang="fr-CH"><span style="color: #3dad3d;"><strong>Forme juridique de la structure :</strong></span></p>
<p lang="fr-CH"><span style="font-family: Helvetica, sans-serif;">Le groupe des jeunes participant au programme forme une association au sens des art. 60 et ss du code des obligations (CO). (voire <a href="http://marredecafe.ch/index.php/statuts/">statuts</a>)</span></p>
<p lang="fr-CH"><span style="font-family: Helvetica, sans-serif;">Le pilotage du groupe est assuré par les participants au programme, qui élaborent les règles du groupe et attribuent un rôle à chacun de ses membres. Une des fonctions de l’accompagnant est d&#8217;aider le groupe à se structurer et à conserver ou faire évoluer sa structure dans le respect des règles établies ou renouvelées par le groupe, l&#8217;auto-gestion de ce groupe par les jeunes constituant un des piliers essentiels du programme Marre de Café.</span></p>

<p>Forme juridique de la structure : Le groupe des jeunes participant au programme forme une association au sens des art. 60 et ss du code des obligations (CO). (voire statuts) Le pilotage du groupe est assuré par les participants au programme, qui élaborent les règles du groupe et attribuent un rôle à chacun de ses &hellip; </p>
<p class="link-more"><a href="https://marredecafe.ch/index.php/forme-juridique/" class="more-link">Continue reading<span class="screen-reader-text"> &#8220;Forme juridique&#8221;</span></a></p>
