{"id":122,"date":"2018-06-06T18:05:03","date_gmt":"2018-06-06T16:05:03","guid":{"rendered":"http:\/\/marredecafe.ch\/?page_id=122"},"modified":"2024-03-25T18:38:05","modified_gmt":"2024-03-25T17:38:05","slug":"accompagnement-professionnel","status":"publish","type":"page","link":"https:\/\/marredecafe.ch\/index.php\/accompagnement-professionnel\/","title":{"rendered":"Accompagnement professionnel"},"content":{"rendered":"<p lang=\"fr-CH\">\n<p lang=\"fr-CH\"><span style=\"font-family: Helvetica, sans-serif;\">MDC est en collaboration avec des accompagnants professionnels qui fournissent une aide inestimable pour celles et ceux qui en ont besoin.<\/span><\/p>\n<h5 lang=\"fr-CH\"><span style=\"color: #1f991f;\">La Matu en Libert\u00e9<\/span><\/h5>\n<p><span style=\"font-family: Helvetica, sans-serif;\">Monsieur Guido Albertelli, qui a travaill\u00e9 en qualit\u00e9 de professeur de philosophie dans les gymnase vaudois pendant 20 ans, se consacre \u00e0 l\u2019accompagnement des jeunes autodidactes pr\u00e9parant leur maturit\u00e9<\/span> f\u00e9d\u00e9rale<span style=\"font-family: Helvetica, sans-serif;\">et est form\u00e9 en d\u00e9veloppement personnel. Il a beaucoup aid\u00e9 dans le d\u00e9veloppement de notre association.<\/span><\/p>\n<p lang=\"fr-CH\"><span style=\"font-family: Helvetica, sans-serif; color: #1f991f;\">(<u><a class=\"western\" style=\"color: #1f991f;\" href=\"http:\/\/guidoalb.ch\/la-matu-en-liberte\/\">http:\/\/guidoalb.ch\/la-matu-en-liberte\/<\/a><\/u>) (<u><a class=\"western\" style=\"color: #1f991f;\" href=\"http:\/\/guidoalb.ch\/\">http:\/\/guidoalb.ch<\/a><\/u>)\u00a0<\/span><\/p>\n<p lang=\"fr-CH\">\n<p lang=\"fr-CH\"><span style=\"color: #1f991f;\"><strong>La Matu en Candidat Libre<\/strong><\/span><\/p>\n<p lang=\"fr-CH\">L\u2019Ecole Steiner de Lausanne propose une structure d\u2019encadrement pour les \u00e9tudiants qui se pr\u00e9parent en autodidacte \u00e0 l\u2019examen suisse de maturit\u00e9. Elle accueille des \u00e9l\u00e8ves d\u00e8s 18 ans, motiv\u00e9s \u00e0 travailler en autonomie dans un lieu d\u2019entraide, de partage et de mise en r\u00e9seau des savoirs.<\/p>\n<p lang=\"fr-CH\"><span style=\"color: #1f991f;\">(<a style=\"color: #1f991f;\" href=\"matu@aersl.ch\">matu@aersl.ch<\/a>)(<a style=\"font-size: inherit; color: #1f991f;\" href=\"http:\/\/www.ecolesteiner-lausanne.ch\/offre-pedagogique\/matu\/\" target=\"_blank\" rel=\"noopener noreferrer\">http:\/\/www.ecolesteiner-lausanne.ch\/offre-pedagogique\/matu\/<\/a>)<\/span><\/p>\n<hr \/>\n<p lang=\"fr-CH\"><span style=\"color: #1f991f;\"><strong>R\u00f4le de l\u2019accompagnant :<\/strong><\/span><\/p>\n<ul>\n<li>\n<p lang=\"fr-CH\"><span style=\"font-family: Helvetica, sans-serif;\">aider les jeunes \u00e0 structurer leur programme d&#8217;\u00e9tude par des entretiens individuels ;<\/span><\/p>\n<\/li>\n<li>\n<p lang=\"fr-CH\"><span style=\"font-family: Helvetica, sans-serif;\">accompagner leur travail de maturit\u00e9 (TM) (recherche du sujet, methodologie, forme&#8230;)<\/span><\/p>\n<\/li>\n<li>\n<p lang=\"fr-CH\"><span style=\"font-family: Helvetica, sans-serif;\">les aider \u00e0 r\u00e9gler leurs diff\u00e9rends, \u00e0 structurer leur groupe et \u00e0 \u00e9laborer et adapter les r\u00e8gles de leur fonctionnement<\/span><\/p>\n<\/li>\n<li>\n<p lang=\"fr-CH\"><span style=\"font-family: Helvetica, sans-serif;\">garantir le respect de la charte et des r\u00e8gles de fonctionnement du groupe\u00a0<\/span><\/p>\n<\/li>\n<li>\n<p lang=\"fr-CH\"><span style=\"font-family: Helvetica, sans-serif;\">et essentiellement, les aider \u00e0 trouver le sens qui leur est propre dans ce qu&#8217;il font et pourquoi le font-il, dans quelles directions veulent-il s&#8217;engager int\u00e9rieurement.<\/span><\/p>\n<\/li>\n<\/ul>\n","protected":false},"excerpt":{"rendered":"<p>MDC est en collaboration avec des accompagnants professionnels qui fournissent une aide inestimable pour celles et ceux qui en ont besoin. La Matu en Libert\u00e9 Monsieur Guido Albertelli, qui a travaill\u00e9 en qualit\u00e9 de professeur de philosophie dans les gymnase vaudois pendant 20 ans, se consacre \u00e0 l\u2019accompagnement des jeunes autodidactes pr\u00e9parant leur maturit\u00e9 f\u00e9d\u00e9raleet &hellip; <\/p>\n<p class=\"link-more\"><a href=\"https:\/\/marredecafe.ch\/index.php\/accompagnement-professionnel\/\" class=\"more-link\">Continue reading<span class=\"screen-reader-text\"> &#8220;Accompagnement professionnel&#8221;<\/span><\/a><\/p>\n","protected":false},"author":1,"featured_media":0,"parent":0,"menu_order":0,"comment_status":"closed","ping_status":"closed","template":"","meta":{"footnotes":""},"class_list":["post-122","page","type-page","status-publish","hentry"],"_links":{"self":[{"href":"https:\/\/marredecafe.ch\/index.php\/wp-json\/wp\/v2\/pages\/122","targetHints":{"allow":["GET"]}}],"collection":[{"href":"https:\/\/marredecafe.ch\/index.php\/wp-json\/wp\/v2\/pages"}],"about":[{"href":"https:\/\/marredecafe.ch\/index.php\/wp-json\/wp\/v2\/types\/page"}],"author":[{"embeddable":true,"href":"https:\/\/marredecafe.ch\/index.php\/wp-json\/wp\/v2\/users\/1"}],"replies":[{"embeddable":true,"href":"https:\/\/marredecafe.ch\/index.php\/wp-json\/wp\/v2\/comments?post=122"}],"version-history":[{"count":19,"href":"https:\/\/marredecafe.ch\/index.php\/wp-json\/wp\/v2\/pages\/122\/revisions"}],"predecessor-version":[{"id":562,"href":"https:\/\/marredecafe.ch\/index.php\/wp-json\/wp\/v2\/pages\/122\/revisions\/562"}],"wp:attachment":[{"href":"https:\/\/marredecafe.ch\/index.php\/wp-json\/wp\/v2\/media?parent=122"}],"curies":[{"name":"wp","href":"https:\/\/api.w.org\/{rel}","templated":true}]}}