{"id":110,"date":"2018-06-06T17:51:26","date_gmt":"2018-06-06T15:51:26","guid":{"rendered":"http:\/\/marredecafe.ch\/?page_id=110"},"modified":"2023-11-28T15:48:40","modified_gmt":"2023-11-28T14:48:40","slug":"charte-morale","status":"publish","type":"page","link":"https:\/\/marredecafe.ch\/index.php\/charte-morale\/","title":{"rendered":"Charte morale"},"content":{"rendered":"<p align=\"left\"><span style=\"color: #33ab33;\"><strong><span style=\"font-family: Helvetica, sans-serif;\"><span style=\"font-size: medium;\">Les jeunes participants \u00e0 marre de caf\u00e9 declarent adh\u00e9rer aux valeurs ci-dessous:<\/span><\/span><\/strong><\/span><\/p>\n<p align=\"left\"><span style=\"font-family: Helvetica, sans-serif;\"><span style=\"font-size: medium;\">Ils se regroupent dans le but principal de passer leur maturit\u00e9 f\u00e9d\u00e9rale et s&#8217;en donnent les moyens ;<\/span><\/span><\/p>\n<p align=\"left\"><span style=\"font-family: Helvetica, sans-serif;\"><span style=\"font-size: medium;\">Ils mettent en commun leurs ressources \u00e0 cette fin, pour dynamiser le groupe et l&#8217;aider dans la poursuite de son but ;<\/span><\/span><\/p>\n<p align=\"left\"><span style=\"font-family: Helvetica, sans-serif;\"><span style=\"font-size: medium;\">Ils condamnent toute forme de m\u00e9disance et de jugement \u00e0 l&#8217;\u00e9gard des autres participants au programme ;<\/span><\/span><\/p>\n<p align=\"left\"><span style=\"font-family: Helvetica, sans-serif;\"><span style=\"font-size: medium;\">Ils s&#8217;engagent \u00e0 les aider si besoin, dans toute la mesure de leurs possibilit\u00e9s ;<\/span><\/span><\/p>\n<p align=\"left\"><span style=\"font-family: Helvetica, sans-serif;\"><span style=\"font-size: medium;\">Ils font preuve d&#8217;esprit d&#8217;equipe et de solidarit\u00e9 ;<\/span><\/span><\/p>\n<p align=\"left\"><span style=\"font-family: Helvetica, sans-serif;\"><span style=\"font-size: medium;\">Deux participants amoureux s&#8217;engagent \u00e0 ne manifester que des relations fraternelles pendant les horaires de travail du groupe dans les espaces qui lui sont d\u00e9volus ;<\/span><\/span><\/p>\n<p align=\"left\"><span style=\"font-family: Helvetica, sans-serif;\"><span style=\"font-size: medium;\">Il s&#8217;engagent \u00e0 formuler leurs critiques et remarques de fa\u00e7on constructive et bienveillante.<\/span><\/span><\/p>\n","protected":false},"excerpt":{"rendered":"<p>Les jeunes participants \u00e0 marre de caf\u00e9 declarent adh\u00e9rer aux valeurs ci-dessous: Ils se regroupent dans le but principal de passer leur maturit\u00e9 f\u00e9d\u00e9rale et s&#8217;en donnent les moyens ; Ils mettent en commun leurs ressources \u00e0 cette fin, pour dynamiser le groupe et l&#8217;aider dans la poursuite de son but ; Ils condamnent toute &hellip; <\/p>\n<p class=\"link-more\"><a href=\"https:\/\/marredecafe.ch\/index.php\/charte-morale\/\" class=\"more-link\">Continue reading<span class=\"screen-reader-text\"> &#8220;Charte morale&#8221;<\/span><\/a><\/p>\n","protected":false},"author":1,"featured_media":0,"parent":0,"menu_order":0,"comment_status":"closed","ping_status":"closed","template":"","meta":{"footnotes":""},"class_list":["post-110","page","type-page","status-publish","hentry"],"_links":{"self":[{"href":"https:\/\/marredecafe.ch\/index.php\/wp-json\/wp\/v2\/pages\/110","targetHints":{"allow":["GET"]}}],"collection":[{"href":"https:\/\/marredecafe.ch\/index.php\/wp-json\/wp\/v2\/pages"}],"about":[{"href":"https:\/\/marredecafe.ch\/index.php\/wp-json\/wp\/v2\/types\/page"}],"author":[{"embeddable":true,"href":"https:\/\/marredecafe.ch\/index.php\/wp-json\/wp\/v2\/users\/1"}],"replies":[{"embeddable":true,"href":"https:\/\/marredecafe.ch\/index.php\/wp-json\/wp\/v2\/comments?post=110"}],"version-history":[{"count":4,"href":"https:\/\/marredecafe.ch\/index.php\/wp-json\/wp\/v2\/pages\/110\/revisions"}],"predecessor-version":[{"id":547,"href":"https:\/\/marredecafe.ch\/index.php\/wp-json\/wp\/v2\/pages\/110\/revisions\/547"}],"wp:attachment":[{"href":"https:\/\/marredecafe.ch\/index.php\/wp-json\/wp\/v2\/media?parent=110"}],"curies":[{"name":"wp","href":"https:\/\/api.w.org\/{rel}","templated":true}]}}

<p align="left"><span style="color: #33ab33;"><strong><span style="font-family: Helvetica, sans-serif;"><span style="font-size: medium;">Les jeunes participants à marre de café declarent adhérer aux valeurs ci-dessous:</span></span></strong></span></p>
<p align="left"><span style="font-family: Helvetica, sans-serif;"><span style="font-size: medium;">Ils se regroupent dans le but principal de passer leur maturité fédérale et s&#8217;en donnent les moyens ;</span></span></p>
<p align="left"><span style="font-family: Helvetica, sans-serif;"><span style="font-size: medium;">Ils mettent en commun leurs ressources à cette fin, pour dynamiser le groupe et l&#8217;aider dans la poursuite de son but ;</span></span></p>
<p align="left"><span style="font-family: Helvetica, sans-serif;"><span style="font-size: medium;">Ils condamnent toute forme de médisance et de jugement à l&#8217;égard des autres participants au programme ;</span></span></p>
<p align="left"><span style="font-family: Helvetica, sans-serif;"><span style="font-size: medium;">Ils s&#8217;engagent à les aider si besoin, dans toute la mesure de leurs possibilités ;</span></span></p>
<p align="left"><span style="font-family: Helvetica, sans-serif;"><span style="font-size: medium;">Ils font preuve d&#8217;esprit d&#8217;equipe et de solidarité ;</span></span></p>
<p align="left"><span style="font-family: Helvetica, sans-serif;"><span style="font-size: medium;">Deux participants amoureux s&#8217;engagent à ne manifester que des relations fraternelles pendant les horaires de travail du groupe dans les espaces qui lui sont dévolus ;</span></span></p>
<p align="left"><span style="font-family: Helvetica, sans-serif;"><span style="font-size: medium;">Il s&#8217;engagent à formuler leurs critiques et remarques de façon constructive et bienveillante.</span></span></p>

<p>Les jeunes participants à marre de café declarent adhérer aux valeurs ci-dessous: Ils se regroupent dans le but principal de passer leur maturité fédérale et s&#8217;en donnent les moyens ; Ils mettent en commun leurs ressources à cette fin, pour dynamiser le groupe et l&#8217;aider dans la poursuite de son but ; Ils condamnent toute &hellip; </p>
<p class="link-more"><a href="https://marredecafe.ch/index.php/charte-morale/" class="more-link">Continue reading<span class="screen-reader-text"> &#8220;Charte morale&#8221;</span></a></p>
